9, 162791
List the prime factors of 1599192.
2, 3, 7, 19, 167
What are the prime factors of 1619547?
3, 539849
List the prime factors of 591517.
61, 9697
List the prime factors of 448992.
2, 3, 1559
What are the prime factors of 14216238?
2, 3, 449, 1759
What are the prime factors of 25352614?
2, 7, 331, 5471
List the prime factors of 531306.
2, 3, 9839
List the prime factors of 380565.
3, 5, 2819
List the prime factors of 744456.
2, 3, 31019
What are the prime factors of 12840550?
2, 5, 67, 3833
What are the prime factors of 2722541?
2722541
What are the prime factors of 48806?
2, 23, 1061
List the prime factors of 7622149.
73, 193, 541
List the prime factors of 6321333.
3, 29, 113, 643
List the prime factors of 438953.
438953
What are the prime factors of 106257?
3, 35419
List the prime factors of 232824.
2, 3, 89, 109
List the prime factors of 414288.
2, 3, 7, 137
What are the prime factors of 24723346?
2, 12361673
What are the prime factors of 2088519?
3, 163, 4271
What are the prime factors of 5271208?
2, 19, 34679
What are the prime factors of 906032?
2, 17, 3331
List the prime factors of 5869891.
5869891
What are the prime factors of 11343555?
3, 5, 252079
What are the prime factors of 926180?
2, 5, 46309
List the prime factors of 362669.
31, 11699
What are the prime factors of 686265?
3, 5, 45751
List the prime factors of 654656.
2, 53, 193
What are the prime factors of 231351?
3, 67, 1151
What are the prime factors of 12017434?
2, 11, 13, 42019
What are the prime factors of 361474?
2, 149, 1213
List the prime factors of 7286387.
17, 53, 8087
What are the prime factors of 382415?
5, 11, 17, 409
List the prime factors of 29751578.
2, 14875789
List the prime factors of 123898.
2, 61949
List the prime factors of 8290524.
2, 3, 11, 181, 347
What are the prime factors of 85955?
5, 17191
List the prime factors of 3077354.
2, 7, 19, 23, 503
List the prime factors of 871863.
3, 290621
List the prime factors of 3701451.
3, 13, 107, 887
What are the prime factors of 31786?
2, 23, 691
List the prime factors of 1834761.
3, 611587
List the prime factors of 11487393.
3, 17, 29, 863
What are the prime factors of 23333?
23333
List the prime factors of 2166781.
61, 35521
What are the prime factors of 15969700?
2, 5, 159697
List the prime factors of 1182079.
71, 16649
List the prime factors of 35328721.
79, 337, 1327
List the prime factors of 8269961.
7, 53, 22291
What are the prime factors of 2131080?
2, 3, 5, 7, 43, 59
List the prime factors of 3613965.
3, 5, 197, 1223
List the prime factors of 438081.
3, 7, 23, 907
What are the prime factors of 178895?
5, 37, 967
What are the prime factors of 156600?
2, 3, 5, 29
What are the prime factors of 2853731?
67, 191, 223
What are the prime factors of 577168?
2, 36073
What are the prime factors of 10715539?
23, 465893
List the prime factors of 22184486.
2, 223, 49741
What are the prime factors of 1847308?
2, 137, 3371
What are the prime factors of 35605480?
2, 5, 17, 52361
List the prime factors of 145154.
2, 72577
What are the prime factors of 11187006?
2, 3, 463, 4027
List the prime factors of 147465.
3, 5, 29, 113
What are the prime factors of 9554636?
2, 7, 13, 26249
What are the prime factors of 680226?
2, 3, 113371
What are the prime factors of 122368?
2, 239
List the prime factors of 1564806.
2, 3, 41, 6361
What are the prime factors of 10914136?
2, 17, 80251
List the prime factors of 15043056.
2, 3, 7, 44771
What are the prime factors of 397060?
2, 5, 19853
List the prime factors of 111443.
111443
List the prime factors of 1426217.
13, 31, 3539
What are the prime factors of 4174262?
2, 19, 109849
List the prime factors of 485135.
5, 7, 83, 167
List the prime factors of 910.
2, 5, 7, 13
What are the prime factors of 142526?
2, 71263
What are the prime factors of 231990?
2, 3, 5, 11, 19, 37
What are the prime factors of 7011440?
2, 5, 87643
What are the prime factors of 3828547?
463, 8269
What are the prime factors of 1341765?
3, 5, 3313
List the prime factors of 2434002.
2, 3, 405667
List the prime factors of 218943.
3, 17, 53
What are the prime factors of 123643?
13, 9511
List the prime factors of 249414.
2, 3, 11, 3779
List the prime factors of 4280689.
7, 199, 439
What are the prime factors of 6710836?
2, 11, 152519
What are the prime factors of 776205?
3, 5, 47, 367
What are the prime factors of 553019?
71, 7789
What are the prime factors of 1022834?
2, 511417
What are the prime factors of 17041446?
2, 3, 17, 55691
List the prime factors of 5235309.
3, 581701
List the prime factors of 51713.
51713
List the prime factors of 14252931.
3, 7, 11, 131, 157
What are the prime factors of 252539?
7, 43, 839
What are the prime factors of 257885?
5, 51577
List the prime factors of 112663.
112663
List the prime factors of 25540415.
5, 131, 38993
What are the prime factors of 383059?
19, 20161
What are the prime factors of 538858?
2, 269429
List the prime factors of 21002149.
7, 97, 30931
What are the prime factors of 3796966?
2, 1898483
List the prime factors of 24275718.
2, 3, 23, 191, 307
What are the prime factors of 159361?
159361
What are the prime factors of 280649?
19, 14771
What are the prime factors of 3158577?
3, 71, 4943
What are the prime factors of 6882801?
3, 2294267
List the prime factors of 248706.
2, 3, 41, 337
What are the prime factors of 10066236?
2, 3, 838853
List the prime factors of 671629.
7, 95947
List the prime factors of 172131.
3, 181, 317
What are the prime factors of 623949?
3, 241, 863
What are the prime factors of 175491?
3, 17, 31, 37
List the prime factors of 79066.
2, 13, 3041
List the prime factors of 176591.
176591
List the prime factors of 2850965.
5, 13, 23, 1907
What are the prime factors of 5079025?
5, 7, 29023
What are the prime factors of 7851183?
3, 2617061
List the prime factors of 5504340.
2, 3, 5, 199, 461
What are the prime factors of 32433594?
2, 3, 5405599
List the prime factors of 10910747.
10910747
What are the prime factors of 4662878?
2, 11, 211949
List the prime factors of 2901155.
5, 580231
List the prime factors of 206377.
47, 4391
List the prime factors of 30050360.
2, 5, 751259
List the prime factors of 12364029.
3, 61, 7507
List the prime factors of 10858533.
3, 7, 517073
List the prime factors of 2497013.
2497013
List the prime factors of 30287.
31, 977
List the prime factors of 55079.
55079
List the prime factors of 1799206.
2, 43, 20921
What are the prime factors of 5764364?
2, 347, 4153
List the prime factors of 688482.
2, 3, 23, 1663
What are the prime factors of 1079379?
3, 7, 5711
List the prime factors of 36385552.
2, 7, 324871
List the prime factors of 102808.
2, 71, 181
List the prime factors of 76042.
2, 193, 197
What are the prime factors of 110168?
2, 47, 293
What are the prime factors of 2050751?
47, 43633
List the prime factors of 2576584.
2, 322073
What are the prime factors of 24008008?
2, 3001001
What are the prime factors of 1381248?
2, 3, 11, 109
What are the prime factors of 866862?
2, 3, 5351
What are the prime factors of 124448?
2, 3889
List the prime factors of 1799198.
2, 23, 39113
List the prime factors of 3657753.
3, 11, 36947
What are the prime factors of 22480313?
251, 89563
List the prime factors of 181237.
7, 17, 1523
List the prime factors of 3057003.
3, 31, 10957
List the prime factors of 2742015.
3, 5, 17, 10753
List the prime factors of 2573610.
2, 3, 5, 13, 6599
What are the prime factors of 36746?
2, 19, 967
List the prime factors of 1366857.
3, 29, 5237
What are the prime factors of 111098?
2, 13, 4273
List the prime factors of 630429.
3, 210143
What are the prime factors of 44545?
5, 59, 151
List the prime factors of 142524.
2, 3, 37, 107
What are the prime factors of 2796565?
5, 559313
What are the prime factors of 90458?
2, 31, 1459
List the prime factors of 40202.
2, 20101
List the prime factors of 9245342.
2, 4622671
What are the prime factors of 1282962?
2, 3, 213827
List the prime factors of 62905.
5, 23, 547
List the prime factors of 36859088.
2, 7, 19, 17321
What are the prime factors of 11190949?
7, 11, 23, 71, 89
What are the prime factors of 2552089?
859, 2971
List the prime factors of 24011701.
7, 17, 23, 31, 283
What are the prime factors of 46390?
2, 5, 4639
What are the prime factors of 43716